 14/49 - (-2586)/14 is divided by 26?
3
Suppose g = -4*r - 8, 3*g + 3*r = r - 4. Suppose 2*c = o + 14, 4*c + 2*o = -g*o + 12. Calculate the remainder when 13 is divided by c/((-15)/(-8))*3.
5
Let h(v) be the second derivative of v**4/12 + 5*v**3/6 + 4*v**2 + 7*v. What is the remainder when 29 is divided by h(-5)?
5
Let v(l) be the third derivative of l**6/120 - 2*l**5/15 + 7*l**4/24 + l**3/2 + l**2. Calculate the remainder when -1 + 0 + 3 + 4 is divided by v(7).
0
Suppose -156 - 58 = -4*n - 2*x, 0 = 3*n + x - 160. Calculate the remainder when 264 is divided by n.
52
Let m(x) = x**2 + 12*x - 101. Calculate the remainder when m(-20) is divided by (-17 - -2)*(0 + -1).
14
Let t(a) = a**2 - a - 7. Let r be t(4). Suppose z = r*z + 4*h - 36, -5*h - 27 = -3*z. What is the remainder when 34 is divided by z?
7
Let j = 44 - 50. Suppose -2*q + 8 + 4 = -f, -4*q + 32 = -4*f. Calculate the remainder when q is divided by 1 + (-3)/j*2.
0
Let w be (-4 - (2 - 2))*-40. Suppose w = -3*q + 7*q. What is the remainder when 79 is divided by q?
39
Suppose 24*l - 142 = 170. Let u(k) = 60*k + 3. Calculate the remainder when u(1) is divided by l.
11
Let u = 700 + -680. Let v be ((-5)/3)/(4/(-24)). Suppose 3*r - 7 = 4*w - 2, -v = -2*r + w. Calculate the remainder when u is divided by r.
6
Let g(h) = 13*h + 4. What is the remainder when g(7) is divided by 4?
3
Let k = 12 - -39. Let r(y) = y**2 + 11*y - 6. Let u be r(-12). Suppose u = m - 7. What is the remainder when k is divided by m?
12
Calculate the remainder when 21 is divided by (2*3/(-2))/((-33)/110).
1
Let t(p) = -p**2 - 25*p - 132. Let k be t(-7). Let a(x) = x**3 + 3*x**2 - 2. Let v be a(-3). What is the remainder when v/k + 450/27 is divided by 3?
2
Suppose 490 = -0*c + 5*c. Let l = -92 + c. What is the remainder when 16 is divided by l?
4
Suppose -224 = -59*d + 45*d. Calculate the remainder when d is divided by 5.
1
Suppose 4*m = 2*m + 20. Let q be 22/(-11)*(-1)/(-2). Calculate the remainder when (2/8)/(q/(-148)) is divided by m.
7
Let l(o) = 14*o**2 + 59*o + 214. Calculate the remainder when l(-4) is divided by 67.
1
What is the remainder when 108 is divided by ((-39)/(-3) - 5)*2?
12
Let r(p) be the second derivative of p**4/12 - 5*p**3/6 + 5*p**2 - 9*p. Calculate the remainder when r(5) is divided by (-1)/(1/(-6))*1.
4
Let j be (-3)/((-3)/14)*16/8. Let f = 58 - j. Suppose -82 + 434 = 4*a. Calculate the remainder when a is divided by f.
28
Let m be 6 - (1 + 0 + 0). Suppose -5*g - m*p = -145, 4*g - 4*p = -p + 123. Calculate the remainder when 118 is divided by g.
28
Let o be ((-3 - -3)/(-4))/(-1). Let l(n) = n + 26. Let v(x) = -x**2 - 9*x - 11. What is the remainder when l(o) is divided by v(-5)?
8
Let c = -19 + 24. Let q(j) = -c + 2 + j + 10. What is the remainder when 25 is divided by q(6)?
12
Let m = 209 - 199. Calculate the remainder when 67 is divided by m.
7
Suppose 1043 - 355 = 8*i. Let s = -47 + i. Calculate the remainder when 114 is divided by s.
36
Let j = -56 - -111. Suppose -j = l + 1. Let n = -31 - l. What is the remainder when n is divided by 14?
11
Let a(s) = -34*s + 16. Let x be a(-12). Suppose -7*i + x = -3*i. Let k(z) = 10*z - 3. What is the remainder when i is divided by k(3)?
25
Let o be (1/(-2))/(5/(-30)). Let c be 6/8 + o/12. Suppose -c = t - 8. What is the remainder when 12 is divided by t?
5
Suppose -4 = 3*v - 28. Suppose 2*m = m + v. Calculate the remainder when m is divided by 3.
2
Suppose -560 = -2*s - 3*s. Let w = -4516 + 4545. Calculate the remainder when s is divided by w.
25
Let t = -13 + 24. Let g = -8 + 14. Suppose -g*a = -0*a - 240. What is the remainder when a is divided by t?
7
Let u = 49 - 14. Suppose -2*w + u = -9. Suppose 13 = 3*d - 26. What is the remainder when w is divided by d?
9
Let r = -8 - -11. Suppose r*z - 7 = 3*n + 104, 2*n + 142 = 4*z. Calculate the remainder when z is divided by -9*(2/(-2) - 0).
7
Let j = -1624 + 1631. What is the remainder when 404 is divided by j?
5
Let x be (-3)/8 + (-15873)/(-88). Calculate the remainder when 10 is divided by (-14)/(-12) + (-30)/x.
0
Let n(g) = g**3 + g**2 + 3*g. Let a be n(0). Suppose d = a, -19 = -4*r + 4*d + 9. Calculate the remainder when r is divided by 2/(2*(-2)/(-10)).
2
Let s(n) be the third derivative of n**5/30 + n**4/12 - 2*n**3/3 + 11*n**2 + 1. Calculate the remainder when 158 is divided by s(3).
18
Let z(x) be the second derivative of -x**5/20 - x**4/3 - 5*x**3/6 - 6*x**2 + 30*x. What is the remainder when 113 is divided by z(-5)?
37
Let o be 6/(-4)*200/(-60). Suppose 3*i + 33 = -3*h, 14 = h - o*i + i. Let l = 28 - h. Calculate the remainder when l is divided by 12.
10
Suppose -2*w + 4*u = -56, -w + u + 17 = -7. Let r(p) = -p + 23. Suppose 14 - 126 = -7*m. Calculate the remainder when w is divided by r(m).
6
Let p = -673 + 679. What is the remainder when 57 is divided by p?
3
Suppose -2*j = 4*l - 44, j = 3*l + 37 - 10. Suppose 4*f - 75 = s, 76 + j = 5*f + 5*s. What is the remainder when 70 is divided by f?
13
Let d = 82 + 42. What is the remainder when d is divided by 18?
16
Let d(b) = 2*b + 4*b**2 + 2*b**2 + b**3 - 15 + 4*b**2 + 5. Calculate the remainder when d(-9) is divided by -10*(0 + (-9)/5).
17
Let c(o) = -13*o**3 - 2*o - 1. Let j be c(-1). Let p be j + (-1)/(-4)*0. Suppose 0 = 3*h - p - 1. Calculate the remainder when 14 is divided by h.
4
What is the remainder when 1472 is divided by (-5360)/(-32)*16/20?
132
Let r = 31 - 12. What is the remainder when 151 is divided by r?
18
Let g(y) = -14*y + 16. Let v(s) = 1. Let w(d) = g(d) - 5*v(d). What is the remainder when w(-4) is divided by 23?
21
Suppose -6*u = 2*p - 2*u - 338, -4*p = 4*u - 672. What is the remainder when p is divided by 10?
7
Let j(a) = -3*a**3 + a. Let q be j(-1). Suppose 38 = 3*w + 2*k, -2*w - q*k + k + 24 = 0. Let v(b) = 18*b + 1. What is the remainder when v(1) is divided by w?
9
Suppose 98*h - 107*h = -729. Let d = -56 + 73. Calculate the remainder when h is divided by d.
13
Let h(p) = -12*p**3 + p**2 + p. Calculate the remainder when h(-1) is divided by 9.
3
Let q(k) = 2*k + 9*k - 5*k - 12 + 24*k. What is the remainder when q(1) is divided by 5?
3
Suppose -15*k + 1115 = 20. Let z = 6 - 35. Let v = z - -54. What is the remainder when k is divided by v?
23
Suppose 3*s - 87 = 4*a, 0 = 2*s - 0*a - 4*a - 58. Let c(l) = -l**2 - 22*l - 81. What is the remainder when s is divided by c(-6)?
14
Suppose -3*i = -8*i + 25. Suppose 3*l - 71 = -o, -4*o = i*l + 50 - 327. Calculate the remainder when o is divided by 18.
14
Let t = 175 + -171. Calculate the remainder when 43 is divided by t.
3
Let s = -14 + 55. Suppose 4*x = 5*l + 24 + 3, -5*x = l - s. What is the remainder when x is divided by 2?
0
Let m = 401 - 374. Calculate the remainder when m is divided by 11.
5
What is the remainder when 71 - (4/2 - -1) is divided by 23?
22
Let v(c) = -6*c**3 - 6*c**2 + 4*c - 2. What is the remainder when 368 is divided by v(-2)?
4
Let h = -334 - -410. What is the remainder when 449 is divided by h?
69
Suppose 18*h - 656 - 208 = 0. What is the remainder when 142 is divided by h?
46
Suppose 6*s = 184 + 26. Calculate the remainder when 102 is divided by s.
32
Let r(n) = -20*n + 120. What is the remainder when 378 is divided by r(5)?
18
What is the remainder when 37 is divided by ((-4)/22 + 324/330)*10?
5
Suppose -8 = -2*q + 4. Suppose -10*i + q*i = -168. Let k = i + -9. Calculate the remainder when k is divided by 18.
15
Let m(a) = -5*a + 253. What is the remainder when 486 is divided by m(31)?
94
Suppose 175 = -11*g + 890. What is the remainder when 123 is divided by g?
58
Suppose 0 = 10*t - 11*t + 39. Suppose -73 = -4*o + t. Calculate the remainder when o is divided by 11.
6
Let d = 2273 - 1103. Calculate the remainder when d is divided by 17.
14
Let v(l) = 39*l**2 - 9*l - 16. Calculate the remainder when v(-2) is divided by 20.
18
Let y(h) = 8*h**3 + 2*h**2 - 4. Let x(c) = c**3 - 2*c**2 - 5 + 0 + 4 + 3*c**2. Let z(m) = -2*x(m) + y(m). What is the remainder when z(2) is divided by 24?
22
Suppose 27 = 4*r - 3*j - 9, 3*r - 27 = 2*j. Calculate the remainder when 32 - (-10 + -2 + 2) is divided by r.
6
Let r be 3/((-27)/6 + 3). Let x be (-4 - r) + 1 + 4. Suppose 2*g = b + 4*b - 420, 0 = -x*b + 4*g + 238. Calculate the remainder when b is divided by 22.
20
Let j(l) =